e highest common divisor of 21 and 49?
7
Calculate the highest common divisor of 39 and 429.
39
Calculate the greatest common factor of 2192 and 208.
16
What is the highest common factor of 20 and 110?
10
What is the highest common factor of 330 and 1221?
33
What is the greatest common divisor of 360 and 320?
40
Calculate the greatest common factor of 56 and 14.
14
Calculate the greatest common divisor of 5822 and 284.
142
Calculate the greatest common divisor of 6153 and 21.
21
Calculate the highest common factor of 84 and 36.
12
Calculate the highest common divisor of 195 and 429.
39
What is the greatest common divisor of 1357 and 391?
23
What is the highest common divisor of 11 and 44?
11
What is the highest common divisor of 4 and 12?
4
Calculate the greatest common factor of 705 and 30.
15
What is the highest common factor of 18 and 288?
18
Calculate the greatest common factor of 1450 and 58.
58
Calculate the highest common factor of 47 and 4.
1
Calculate the highest common factor of 1288 and 483.
161
What is the greatest common divisor of 16 and 16144?
16
What is the highest common divisor of 3 and 243?
3
Calculate the greatest common factor of 104 and 56.
8
What is the highest common divisor of 1353 and 123?
123
Calculate the highest common divisor of 13956 and 12.
12
Calculate the greatest common divisor of 48 and 5604.
12
Calculate the greatest common factor of 21 and 3.
3
What is the highest common factor of 25 and 205?
5
Calculate the highest common divisor of 320 and 128.
64
What is the greatest common factor of 3808 and 352?
32
What is the greatest common divisor of 486 and 1134?
162
Calculate the greatest common divisor of 429 and 297.
33
Calculate the highest common divisor of 2166 and 1482.
114
What is the highest common divisor of 49 and 112?
7
Calculate the greatest common divisor of 137 and 1507.
137
What is the highest common factor of 7 and 21?
7
What is the highest common factor of 39 and 442?
13
What is the highest common factor of 42 and 1659?
21
Calculate the greatest common factor of 51 and 34.
17
Calculate the greatest common divisor of 747 and 18.
9
Calculate the greatest common factor of 209 and 44.
11
What is the highest common factor of 53 and 1?
1
What is the highest common factor of 12 and 3468?
12
What is the greatest common divisor of 195 and 39?
39
What is the highest common factor of 100443 and 21?
21
What is the highest common factor of 24 and 2200?
8
What is the greatest common factor of 1008 and 216?
72
What is the highest common factor of 36 and 156?
12
What is the highest common factor of 364 and 104?
52
Calculate the greatest common divisor of 13559 and 91.
91
What is the highest common factor of 33 and 891?
33
Calculate the greatest common factor of 33399 and 27.
27
What is the greatest common factor of 5800 and 10?
10
Calculate the greatest common factor of 3432 and 234.
78
What is the greatest common factor of 5526 and 54?
18
What is the greatest common divisor of 92 and 5612?
92
What is the greatest common divisor of 890 and 20?
10
What is the highest common factor of 828 and 1196?
92
Calculate the greatest common factor of 18 and 294.
6
What is the greatest common factor of 423 and 954?
9
Calculate the greatest common divisor of 78 and 1248.
78
What is the greatest common factor of 180 and 3825?
45
Calculate the highest common factor of 299 and 115.
23
What is the highest common factor of 1178 and 38?
38
Calculate the highest common factor of 388 and 2231.
97
Calculate the greatest common factor of 66 and 264.
66
What is the highest common divisor of 48 and 18?
6
Calculate the greatest common divisor of 66 and 88.
22
Calculate the greatest common divisor of 11 and 13387.
11
What is the greatest common factor of 228 and 108?
12
Calculate the highest common divisor of 14 and 2.
2
What is the highest common factor of 891 and 81?
81
Calculate the greatest common divisor of 1903 and 22.
11
Calculate the highest common divisor of 8 and 124.
4
Calculate the greatest common factor of 436 and 5341.
109
What is the greatest common factor of 1319 and 1?
1
What is the highest common factor of 32 and 82?
2
Calculate the highest common factor of 2278 and 670.
134
What is the greatest common factor of 612 and 1332?
36
What is the greatest common divisor of 2483 and 13?
13
What is the greatest common factor of 259 and 336?
7
What is the greatest common factor of 168 and 525?
21
What is the greatest common divisor of 35 and 63?
7
Calculate the greatest common factor of 365 and 20.
5
What is the highest common factor of 50 and 52550?
50
What is the greatest common divisor of 66 and 1034?
22
Calculate the greatest common factor of 981 and 1090.
109
What is the highest common factor of 690 and 30?
30
Calculate the highest common factor of 401 and 1.
1
What is the highest common factor of 284 and 2130?
142
Calculate the greatest common divisor of 73 and 12337.
73
Calculate the highest common divisor of 28 and 350.
14
What is the greatest common factor of 140 and 1484?
28
What is the highest common factor of 496 and 80?
16
Calculate the greatest common factor of 354 and 18.
6
Calculate the highest common divisor of 429 and 312.
39
What is the greatest common divisor of 115 and 345?
115
What is the highest common divisor of 3568 and 16?
16
Calculate the highest common divisor of 288 and 18.
18
What is the greatest common factor of 3791 and 68?
17
Calculate the highest common divisor of 3421 and 22.
11
What is the highest common divisor of 2085 and 3336?
417
What is the highest common divisor of 95 and 817?
19
Calculate the highest common factor of 216 and 3288.
24
Calculate the greatest common divisor of 10 and 170.
10
What is the highest common divisor of 721 and 927?
103
Calculate the highest common factor of 64 and 4.
4
Calculate the highest common factor of 4893 and 932.
233
Calculate the greatest common factor of 43750 and 350.
350
What is the highest common factor of 244 and 4?
4
What is the highest common divisor of 1010 and 5858?
202
Calculate the greatest common divisor of 468 and 195.
39
Calculate the greatest common divisor of 928 and 64.
32
Calculate the highest common divisor of 40 and 2192.
8
Calculate the greatest common divisor of 435 and 58.
29
What is the greatest common factor of 690 and 360?
30
Calculate the highest common divisor of 2286 and 381.
381
What is the highest common factor of 3408 and 96?
48
Calculate the greatest common factor of 3689 and 93.
31
What is the highest common divisor of 4160 and 390?
130
Calculate the greatest common divisor of 2 and 14.
2
What is the highest common factor of 36 and 774?
18
Calculate the greatest common factor of 35970 and 11.
11
What is the greatest common divisor of 343 and 147?
49
What is the greatest common divisor of 59 and 1?
1
Calculate the highest common factor of 25 and 185.
5
What is the highest common factor of 26672 and 16?
16
What is the greatest common divisor of 69 and 5727?
69
Calculate the greatest common divisor of 747 and 225.
9
Calculate the highest common factor of 1337 and 7.
7
Calculate the greatest common divisor of 528 and 88.
88
Calculate the highest common factor of 1968 and 2337.
123
What is the highest common factor of 640 and 8704?
128
What is the highest common divisor of 34 and 578?
34
Calculate the greatest common factor of 806 and 442.
26
What is the highest common factor of 663 and 357?
51
What is the greatest common divisor of 176 and 1485?
11
Calculate the greatest common divisor of 143 and 15587.
143
What is the highest common factor of 10 and 1010?
10
What is the greatest common factor of 29080 and 40?
40
Calculate the highest common factor of 702 and 104.
26
What is the greatest common factor of 6285 and 45?
15
What is the highest common divisor of 96 and 240?
48
What is the greatest common divisor of 25 and 12725?
25
What is the highest common factor of 8194 and 374?
34
Calculate the greatest common divisor of 19 and 703.
19
Calculate the highest common factor of 77 and 396.
11
What is the highest common factor of 24 and 5656?
8
What is the highest common divisor of 5760 and 105?
15
What is the highest common divisor of 209 and 44?
11
Calculate the greatest common divisor of 83 and 3071.
83
What is the greatest 